r of 4823852288?
False
Is 8852883 a multiple of 39?
True
Is 152373930 a multiple of 4038?
True
Is 7 a factor of 1387805824?
False
Does 18 divide 1790238438?
True
Does 7 divide 6490231?
False
Does 3 divide 12147004?
False
Does 16 divide 2487234634?
False
Does 11 divide 86599095?
True
Is 260733378 a multiple of 83?
True
Is 7 a factor of 2289849345?
True
Does 59 divide 104267514?
True
Does 429 divide 2008149?
True
Is 446 a factor of 770617242?
False
Does 175 divide 7588204?
False
Does 89 divide 141890855?
False
Is 1249 a factor of 580646361?
True
Is 5 a factor of 472550746?
False
Is 276436480 a multiple of 2560?
True
Does 626 divide 81693626?
True
Is 4031325 a multiple of 4275?
True
Does 1174 divide 493756224?
True
Is 1755371064 a multiple of 12?
True
Is 3228 a factor of 69782904?
True
Does 1057 divide 66325602?
False
Is 80642924 a multiple of 22?
False
Is 10 a factor of 466208855?
False
Does 712 divide 5660902?
False
Is 43 a factor of 71167506?
False
Is 826 a factor of 165081882?
True
Does 1737 divide 1460225162?
False
Does 686 divide 10115070?
True
Does 2262 divide 2917914778?
False
Does 939 divide 10733709?
True
Does 48 divide 70187000?
False
Is 801309601 a multiple of 6?
False
Does 12 divide 28924715?
False
Is 482 a factor of 4271652?
False
Is 14 a factor of 51511558?
True
Does 81 divide 29540538?
True
Is 987615049 a multiple of 5?
False
Is 462819357 a multiple of 147?
True
Is 14037202 a multiple of 8?
False
Is 110 a factor of 79876771?
False
Is 3489 a factor of 538363437?
False
Is 12 a factor of 1460611080?
True
Is 887552566 a multiple of 46?
True
Does 2388 divide 64998972?
True
Is 411 a factor of 1170002076?
False
Does 3 divide 15718845?
True
Is 5508 a factor of 1447523245?
False
Does 141 divide 3788269983?
True
Is 175 a factor of 257919550?
True
Is 30 a factor of 18373328?
False
Is 11704415 a multiple of 56?
False
Does 235 divide 5950326358?
False
Is 32 a factor of 463317568?
True
Does 1787 divide 16497771?
False
Is 21674805 a multiple of 15?
True
Is 8894 a factor of 203734737?
False
Is 4875685 a multiple of 19?
True
Is 2869033275 a multiple of 62?
False
Is 370 a factor of 181048400?
True
Is 38934088 a multiple of 33?
False
Is 507375091 even?
False
Does 352 divide 1995881184?
True
Is 12 a factor of 420830808?
True
Is 728578604 a multiple of 490?
False
Is 11 a factor of 754351182?
False
Is 310062113 a multiple of 24?
False
Is 528415956 a multiple of 927?
True
Is 3 a factor of 18023115?
True
Does 68 divide 1064823632?
False
Is 29 a factor of 17127545?
True
Does 240 divide 87874921?
False
Does 27 divide 4704645?
False
Does 585 divide 54800690?
False
Is 17459110 a multiple of 5?
True
Is 152484 a multiple of 97?
True
Is 1301 a factor of 762016555?
False
Is 15065208 a multiple of 12?
True
Is 69935272 a multiple of 3487?
True
Does 213 divide 126185255?
False
Does 25 divide 657302150?
True
Does 600 divide 2514148800?
True
Does 33 divide 2378607?
True
Is 122696898 a multiple of 346?
False
Is 42938815 a multiple of 23?
True
Is 1752 a factor of 28565154?
False
Does 236 divide 54634225?
False
Is 571428 a multiple of 11?
True
Is 4 a factor of 789853828?
True
Is 2262 a factor of 722788170?
True
Does 790 divide 268442000?
True
Does 2 divide 93007150?
True
Is 477 a factor of 608351013?
True
Does 21 divide 15318534?
True
Is 27386245 a multiple of 26?
False
Is 61 a factor of 1046422443?
False
Is 117252410 a multiple of 110?
True
Does 6433 divide 751423157?
False
Is 55037250 a multiple of 90?
True
Is 1057 a factor of 259693627?
False
Is 12 a factor of 61689177?
False
Does 86 divide 132699290?
True
Is 682080115 a multiple of 5?
True
Is 1233 a factor of 409214205?
True
Is 246 a factor of 50990900?
False
Is 19 a factor of 13212182?
True
Is 23691975 a multiple of 5?
True
Does 2732 divide 121418276?
True
Is 2947570753 a multiple of 19?
False
Is 14 a factor of 416018820?
True
Is 2625534513 a multiple of 19?
True
Does 87 divide 847468959?
False
Is 359 a factor of 745092927?
False
Does 740 divide 2320806240?
False
Does 596 divide 88085820?
True
Does 79 divide 121455469?
True
Does 145 divide 8676027188?
False
Is 112 a factor of 6131328?
True
Is 65 a factor of 195749775?
True
Is 16589887 a multiple of 283?
False
Is 34239672 a multiple of 2187?
True
Is 3348349350 a multiple of 18?
False
Is 2751144 a multiple of 6?
True
Does 2 divide 1895040?
True
Does 10 divide 292276790?
True
Does 33 divide 137415564?
True
Is 14314740 a multiple of 690?
True
Is 2904647129 a multiple of 810?
False
Is 16499040 a multiple of 3552?
True
Is 553 a factor of 119151039?
True
Does 18 divide 22679694?
True
Is 155318272 a multiple of 724?
True
Is 124 a factor of 4963378?
False
Does 75 divide 660688650?
True
Does 5 divide 4977635?
True
Is 27747661 a multiple of 6?
False
Is 76561558 a multiple of 1273?
False
Is 15512182 a multiple of 193?
True
Is 279288944 a multiple of 11?
True
Does 1467 divide 132963012?
True
Is 109708784 a multiple of 44?
False
Is 525262850 a multiple of 269?
True
Does 11 divide 532423414?
False
Is 2685 a factor of 192302385?
True
Is 3 a factor of 11749712?
False
Is 32089838 even?
True
Is 82613560 a multiple of 526?
True
Does 19 divide 550505468?
True
Does 30 divide 46231552?
False
Does 12 divide 25605576?
True
Is 10 a factor of 61172560?
True
Is 11101014 a multiple of 10?
False
Is 886714115 a multiple of 24?
False
Is 1691885760 a multiple of 6544?
True
Does 1743 divide 178863174?
True
Is 1068 a factor of 601317108?
True
Does 2091 divide 69136824?
True
Does 139 divide 8430243?
False
Is 181547394 even?
True
Does 26 divide 174309824?
True
Does 42 divide 5864763?
False
Does 18 divide 39112200?
True
Is 1010216895 a multiple of 128?
False
Is 2909311086 a multiple of 1752?
False
Is 567 a factor of 18860490?
False
Does 836 divide 384239812?
True
Does 38 divide 727548950?
True
Does 1114 divide 458505746?
False
Is 50815751 a multiple of 486?
False
Does 77 divide 39098675?
True
Is 207406481 a multiple of 13?
False
Is 9 a factor of 131490909?
True
Is 175321226 a multiple of 46?
True
Is 782 a factor of 430076540?
True
Is 11 a factor of 21740795?
False
Does 446 divide 835316522?
True
Does 1567 divide 39160897?
True
Is 4596 a factor of 1248070535?
False
Is 670992820 a multiple of 10?
True
Is 178000269 a multiple of 223?
False
Is 9 a factor of 28590938?
False
Does 7 divide 349397048?
True
Does 20 divide 334960377?
False
Does 1558 divide 411313558?
True
Does 799 divide 169507850?
True
Does 497 divide 13885186?
True
Is 19 a factor of 1739308522?
False
Does 11 divide 37314177?
False
Is 1209 a factor of 38555010?
True
Is 61778599 a multiple of 59?
False
Is 30 a factor of 10248420?
True
Does 22 divide 1401886535?
False
Is 9168184 a multiple of 123?
False
Does 7 divide 3420368?
True
Is 426 a factor of 2219224648?
False
Is 168160274 a multiple of 1787?
True
Is 477 a factor of 311523930?
True
Does 784 divide 13109264?
True
Is 11378682 a multiple of 798?
True
Is 7 a factor of 1216468442?
True
Is 86197773 a multiple of 47?
False
Is 21522350 a multiple of 1087?
False
Is 9 a factor of 6285066?
False
Is 651 a factor of 452197648?
False
Is 457446329 a multiple of 14?
False
Is 182327007 a multiple of 953?
True
Is 176 a factor of 1945002576?
True
Is 367317912 a multiple of 552?
True
Is 394949508 a multiple of 17?
True
Does 64 divide 8329427?
False
Is 8 a factor of 275183441?
False
Is 238 a factor of 24380958?
True
Is 5864911 a multiple of 96?
False
Is 165703226 a multiple of 13?
True
Does 921 divide 8259585?
False
Does 5 divide 16150495?
True
Is 303846388 a multiple of 179?
False
Does 1543 divide 183902455?
True
Is 870860135 a multiple of 153?
False
Does 4 divide 72713571?
False
Is 164137504 a multiple of 152?
True
Is 228963132 a multiple of 774?
True
Is 49505197 a multiple of 336?
False
Is 538 a factor of 200525?
False
Is 1414058031 a multiple of 1383?
True
Does 624 divide 423451347?
False
Is 3558 a factor of 204050579?
False
Does 3 divide 207782032?
False
Is 286 a factor of 126319908?
True
Does 8520 divide 3086855640?
True
Is 49 a factor of 202827660?
True
Is 987875512 a multiple of 124?
True
Is 3 a factor of 155684078?
False
Is 107822606 a multiple of 19?
True
Is 11 a factor of 18052540?
True
Is 19728914 a multiple of 1972?
False
Is 115462082 a multiple of 93?
False
Is 8215 a factor of 5217461510?
Tr